{"id":118,"date":"2024-01-06T11:42:19","date_gmt":"2024-01-06T10:42:19","guid":{"rendered":"https:\/\/njerxtj.cluster029.hosting.ovh.net\/?page_id=118"},"modified":"2025-09-17T10:45:01","modified_gmt":"2025-09-17T08:45:01","slug":"videos-et-images","status":"publish","type":"page","link":"https:\/\/laterrassedesaudiences.com\/index.php\/videos-et-images\/","title":{"rendered":"Vid\u00e9os et images"},"content":{"rendered":"<p>[et_pb_section fb_built=\u00a0\u00bb1&Prime; disabled_on=\u00a0\u00bboff|off|off\u00a0\u00bb _builder_version=\u00a0\u00bb4.23.4&Prime; _module_preset=\u00a0\u00bbdefault\u00a0\u00bb custom_padding=\u00a0\u00bb0px|||||\u00a0\u00bb global_colors_info=\u00a0\u00bb{}\u00a0\u00bb][et_pb_row _builder_version=\u00a0\u00bb4.23.4&Prime; _module_preset=\u00a0\u00bbdefault\u00a0\u00bb global_colors_info=\u00a0\u00bb{}\u00a0\u00bb][et_pb_column type=\u00a0\u00bb4_4&Prime; _builder_version=\u00a0\u00bb4.23.4&Prime; _module_preset=\u00a0\u00bbdefault\u00a0\u00bb global_colors_info=\u00a0\u00bb{}\u00a0\u00bb][et_pb_menu menu_style=\u00a0\u00bbcentered\u00a0\u00bb active_link_color=\u00a0\u00bb#000000&Prime; _builder_version=\u00a0\u00bb4.23.4&Prime; _module_preset=\u00a0\u00bbdefault\u00a0\u00bb menu_text_color=\u00a0\u00bb#000000&Prime; global_colors_info=\u00a0\u00bb{}\u00a0\u00bb][\/et_pb_menu][\/et_pb_column][\/et_pb_row][et_pb_row _builder_version=\u00a0\u00bb4.23.4&Prime; _module_preset=\u00a0\u00bbdefault\u00a0\u00bb global_colors_info=\u00a0\u00bb{}\u00a0\u00bb][et_pb_column type=\u00a0\u00bb4_4&Prime; _builder_version=\u00a0\u00bb4.23.4&Prime; _module_preset=\u00a0\u00bbdefault\u00a0\u00bb global_colors_info=\u00a0\u00bb{}\u00a0\u00bb][et_pb_code _builder_version=\u00a0\u00bb4.23.4&Prime; _module_preset=\u00a0\u00bbdefault\u00a0\u00bb hover_enabled=\u00a0\u00bb0&Prime; global_colors_info=\u00a0\u00bb{}\u00a0\u00bb sticky_enabled=\u00a0\u00bb0&Prime;]<!-- === Diaporama (Divi + Swiper, sans l\u00e9gendes) === --><!-- [et_pb_line_break_holder] --><link rel=\"stylesheet\" href=\"https:\/\/cdn.jsdelivr.net\/npm\/swiper@10\/swiper-bundle.min.css\"\/><!-- [et_pb_line_break_holder] --><!-- [et_pb_line_break_holder] --><\/p>\n<style><!-- [et_pb_line_break_holder] -->  .ltda-diapo { --h: 58vh; max-width: 1200px; margin: 0 auto; }<!-- [et_pb_line_break_holder] -->  .ltda-diapo .swiper {<!-- [et_pb_line_break_holder] -->    width: 100%;<!-- [et_pb_line_break_holder] -->    height: var(--h);<!-- [et_pb_line_break_holder] -->    border-radius: 18px;<!-- [et_pb_line_break_holder] -->    overflow: hidden;<!-- [et_pb_line_break_holder] -->    box-shadow: 0 10px 30px rgba(0,0,0,.15);<!-- [et_pb_line_break_holder] -->  }<!-- [et_pb_line_break_holder] -->  .ltda-diapo img {<!-- [et_pb_line_break_holder] -->    width: 100%; height: 100%; object-fit: cover; display: block;<!-- [et_pb_line_break_holder] -->    background: #111;<!-- [et_pb_line_break_holder] -->  }<!-- [et_pb_line_break_holder] -->  .ltda-diapo .swiper-button-prev,<!-- [et_pb_line_break_holder] -->  .ltda-diapo .swiper-button-next {<!-- [et_pb_line_break_holder] -->    color: #fff; text-shadow: 0 2px 10px rgba(0,0,0,.7);<!-- [et_pb_line_break_holder] -->  }<!-- [et_pb_line_break_holder] -->  .ltda-diapo .swiper-pagination-bullet { opacity: .6; }<!-- [et_pb_line_break_holder] -->  .ltda-diapo .swiper-pagination-bullet-active { opacity: 1; }<!-- [et_pb_line_break_holder] -->  @media (max-width: 980px){<!-- [et_pb_line_break_holder] -->    .ltda-diapo { --h: 48vh; }<!-- [et_pb_line_break_holder] -->  }<!-- [et_pb_line_break_holder] -->  @media (max-width: 600px){<!-- [et_pb_line_break_holder] -->    .ltda-diapo { --h: 42vh; }<!-- [et_pb_line_break_holder] -->  }<!-- [et_pb_line_break_holder] --><\/style>\n<p><!-- [et_pb_line_break_holder] --><!-- [et_pb_line_break_holder] --><\/p>\n<div class=\"ltda-diapo\"><!-- [et_pb_line_break_holder] -->  <\/p>\n<div class=\"swiper\"><!-- [et_pb_line_break_holder] -->    <\/p>\n<div class=\"swiper-wrapper\"><!-- [et_pb_line_break_holder] -->      <!-- Ordre pr\u00e9f\u00e9r\u00e9 --><!-- [et_pb_line_break_holder] -->      <\/p>\n<div class=\"swiper-slide\"><img src=\"https:\/\/laterrassedesaudiences.com\/wp-content\/uploads\/2025\/09\/Printemps.jpg\" alt=\"\" loading=\"lazy\" decoding=\"async\"><\/div>\n<p><!-- [et_pb_line_break_holder] -->      <\/p>\n<div class=\"swiper-slide\"><img src=\"https:\/\/laterrassedesaudiences.com\/wp-content\/uploads\/2025\/09\/La-Truite.jpg\" alt=\"\" loading=\"lazy\" decoding=\"async\"><\/div>\n<p><!-- [et_pb_line_break_holder] -->      <\/p>\n<div class=\"swiper-slide\"><img src=\"https:\/\/laterrassedesaudiences.com\/wp-content\/uploads\/2025\/09\/Octuor-T.-Foyer-de-lame.jpg\" alt=\"\" loading=\"lazy\" decoding=\"async\"><\/div>\n<p><!-- [et_pb_line_break_holder] -->      <\/p>\n<div class=\"swiper-slide\"><img src=\"https:\/\/laterrassedesaudiences.com\/wp-content\/uploads\/2025\/09\/DSC02328-scaled.jpg\" alt=\"\" loading=\"lazy\" decoding=\"async\"><\/div>\n<p><!-- [et_pb_line_break_holder] -->      <\/p>\n<div class=\"swiper-slide\"><img src=\"https:\/\/laterrassedesaudiences.com\/wp-content\/uploads\/2025\/09\/Farrenc-Bernanos.jpg\" alt=\"\" loading=\"lazy\" decoding=\"async\"><\/div>\n<p><!-- [et_pb_line_break_holder] -->      <\/p>\n<div class=\"swiper-slide\"><img src=\"https:\/\/laterrassedesaudiences.com\/wp-content\/uploads\/2025\/09\/Kawai.jpg\" alt=\"\" loading=\"lazy\" decoding=\"async\"><\/div>\n<p><!-- [et_pb_line_break_holder] -->      <\/p>\n<div class=\"swiper-slide\"><img src=\"https:\/\/laterrassedesaudiences.com\/wp-content\/uploads\/2025\/09\/Photo-concert-5ete-Brahms-Atelier-main-dor.jpg\" alt=\"\" loading=\"lazy\" decoding=\"async\"><\/div>\n<p><!-- [et_pb_line_break_holder] -->      <\/p>\n<div class=\"swiper-slide\"><img src=\"https:\/\/laterrassedesaudiences.com\/wp-content\/uploads\/2025\/09\/Rothschild.jpg\" alt=\"\" loading=\"lazy\" decoding=\"async\"><\/div>\n<p><!-- [et_pb_line_break_holder] -->      <\/p>\n<div class=\"swiper-slide\"><img src=\"https:\/\/laterrassedesaudiences.com\/wp-content\/uploads\/2025\/09\/Sextuor-Printemps.jpg\" alt=\"\" loading=\"lazy\" decoding=\"async\"><\/div>\n<p><!-- [et_pb_line_break_holder] -->      <\/p>\n<div class=\"swiper-slide\"><img src=\"https:\/\/laterrassedesaudiences.com\/wp-content\/uploads\/2025\/09\/Photo-Concert-Gargenville.jpg\" alt=\"\" loading=\"lazy\" decoding=\"async\"><\/div>\n<p><!-- [et_pb_line_break_holder] -->      <!-- Le reste --><!-- [et_pb_line_break_holder] -->      <\/p>\n<div class=\"swiper-slide\"><img src=\"https:\/\/laterrassedesaudiences.com\/wp-content\/uploads\/2025\/09\/Valerie.jpg\" alt=\"\" loading=\"lazy\" decoding=\"async\"><\/div>\n<p><!-- [et_pb_line_break_holder] -->      <\/p>\n<div class=\"swiper-slide\"><img src=\"https:\/\/laterrassedesaudiences.com\/wp-content\/uploads\/2025\/09\/SK-Thibault-et-Flore.jpg\" alt=\"\" loading=\"lazy\" decoding=\"async\"><\/div>\n<p><!-- [et_pb_line_break_holder] -->      <\/p>\n<div class=\"swiper-slide\"><img src=\"https:\/\/laterrassedesaudiences.com\/wp-content\/uploads\/2025\/09\/Quintette-T.Foyer-de-lame.jpg\" alt=\"\" loading=\"lazy\" decoding=\"async\"><\/div>\n<p><!-- [et_pb_line_break_holder] -->      <\/p>\n<div class=\"swiper-slide\"><img src=\"https:\/\/laterrassedesaudiences.com\/wp-content\/uploads\/2025\/09\/PXL_20221123_205007441.MP_-scaled.jpg\" alt=\"\" loading=\"lazy\" decoding=\"async\"><\/div>\n<p><!-- [et_pb_line_break_holder] -->      <\/p>\n<div class=\"swiper-slide\"><img src=\"https:\/\/laterrassedesaudiences.com\/wp-content\/uploads\/2025\/09\/PXL_20221123_182833027.MP_-scaled.jpg\" alt=\"\" loading=\"lazy\" decoding=\"async\"><\/div>\n<p><!-- [et_pb_line_break_holder] -->      <\/p>\n<div class=\"swiper-slide\"><img src=\"https:\/\/laterrassedesaudiences.com\/wp-content\/uploads\/2025\/09\/Photo-hopital.jpg\" alt=\"\" loading=\"lazy\" decoding=\"async\"><\/div>\n<p><!-- [et_pb_line_break_holder] -->      <\/p>\n<div class=\"swiper-slide\"><img src=\"https:\/\/laterrassedesaudiences.com\/wp-content\/uploads\/2025\/09\/Octuor-Vaux.jpg\" alt=\"\" loading=\"lazy\" decoding=\"async\"><\/div>\n<p><!-- [et_pb_line_break_holder] -->    <\/div>\n<p><!-- [et_pb_line_break_holder] --><!-- [et_pb_line_break_holder] -->    <!-- Contr\u00f4les --><!-- [et_pb_line_break_holder] -->    <\/p>\n<div class=\"swiper-button-prev\" aria-label=\"Pr\u00e9c\u00e9dent\"><\/div>\n<p><!-- [et_pb_line_break_holder] -->    <\/p>\n<div class=\"swiper-button-next\" aria-label=\"Suivant\"><\/div>\n<p><!-- [et_pb_line_break_holder] -->    <\/p>\n<div class=\"swiper-pagination\"><\/div>\n<p><!-- [et_pb_line_break_holder] -->  <\/div>\n<p><!-- [et_pb_line_break_holder] --><\/div>\n<p><!-- [et_pb_line_break_holder] --><!-- [et_pb_line_break_holder] --><script src=\"https:\/\/cdn.jsdelivr.net\/npm\/swiper@10\/swiper-bundle.min.js\"><\/script><!-- [et_pb_line_break_holder] --><script><!-- [et_pb_line_break_holder] -->  new Swiper('.ltda-diapo .swiper', {<!-- [et_pb_line_break_holder] -->    loop: true,<!-- [et_pb_line_break_holder] -->    preloadImages: false,<!-- [et_pb_line_break_holder] -->    lazy: { loadPrevNext: true },<!-- [et_pb_line_break_holder] -->    autoplay: { delay: 3800, disableOnInteraction: false },<!-- [et_pb_line_break_holder] -->    speed: 650,<!-- [et_pb_line_break_holder] -->    spaceBetween: 8,<!-- [et_pb_line_break_holder] -->    grabCursor: true,<!-- [et_pb_line_break_holder] -->    pagination: { el: '.ltda-diapo .swiper-pagination', clickable: true },<!-- [et_pb_line_break_holder] -->    navigation: {<!-- [et_pb_line_break_holder] -->      nextEl: '.ltda-diapo .swiper-button-next',<!-- [et_pb_line_break_holder] -->      prevEl: '.ltda-diapo .swiper-button-prev'<!-- [et_pb_line_break_holder] -->    },<!-- [et_pb_line_break_holder] -->    keyboard: { enabled: true },<!-- [et_pb_line_break_holder] -->    a11y: { enabled: true }<!-- [et_pb_line_break_holder] -->  });<!-- [et_pb_line_break_holder] --><\/script><!-- [et_pb_line_break_holder] --><!-- === Fin diaporama === --><!-- [et_pb_line_break_holder] -->[\/et_pb_code][\/et_pb_column][\/et_pb_row][et_pb_row _builder_version=\u00a0\u00bb4.23.4&Prime; _module_preset=\u00a0\u00bbdefault\u00a0\u00bb global_colors_info=\u00a0\u00bb{}\u00a0\u00bb][et_pb_column type=\u00a0\u00bb4_4&Prime; _builder_version=\u00a0\u00bb4.23.4&Prime; _module_preset=\u00a0\u00bbdefault\u00a0\u00bb global_colors_info=\u00a0\u00bb{}\u00a0\u00bb][et_pb_cta title=\u00a0\u00bbAcceder \u00e0 la page youtube de La Terrasse des Audiences\u00a0\u00bb button_url=\u00a0\u00bbhttps:\/\/www.youtube.com\/@LaTerrassedesAudiences\u00a0\u00bb button_text=\u00a0\u00bbYoutube\u00a0\u00bb _builder_version=\u00a0\u00bb4.23.4&Prime; _module_preset=\u00a0\u00bbdefault\u00a0\u00bb global_colors_info=\u00a0\u00bb{}\u00a0\u00bb][\/et_pb_cta][\/et_pb_column][\/et_pb_row][et_pb_row _builder_version=\u00a0\u00bb4.23.4&Prime; _module_preset=\u00a0\u00bbdefault\u00a0\u00bb global_colors_info=\u00a0\u00bb{}\u00a0\u00bb][et_pb_column type=\u00a0\u00bb4_4&Prime; _builder_version=\u00a0\u00bb4.23.4&Prime; _module_preset=\u00a0\u00bbdefault\u00a0\u00bb global_colors_info=\u00a0\u00bb{}\u00a0\u00bb][et_pb_heading title=\u00a0\u00bbConcert %22Transmissions%22 : piano \u00e0 4 mains\u00a0\u00bb _builder_version=\u00a0\u00bb4.23.4&Prime; _module_preset=\u00a0\u00bbdefault\u00a0\u00bb title_font=\u00a0\u00bb|700|||||||\u00a0\u00bb title_text_align=\u00a0\u00bbcenter\u00a0\u00bb title_text_color=\u00a0\u00bb#0C71C3&Prime; custom_padding=\u00a0\u00bb1px|||||\u00a0\u00bb global_colors_info=\u00a0\u00bb{}\u00a0\u00bb][\/et_pb_heading][\/et_pb_column][\/et_pb_row][et_pb_row _builder_version=\u00a0\u00bb4.23.4&Prime; _module_preset=\u00a0\u00bbdefault\u00a0\u00bb global_colors_info=\u00a0\u00bb{}\u00a0\u00bb][et_pb_column type=\u00a0\u00bb4_4&Prime; _builder_version=\u00a0\u00bb4.23.4&Prime; _module_preset=\u00a0\u00bbdefault\u00a0\u00bb global_colors_info=\u00a0\u00bb{}\u00a0\u00bb][et_pb_video src=\u00a0\u00bbhttps:\/\/youtu.be\/sa3XeB6q-pk?si=IFth7h_XNP9CmWSL\u00a0\u00bb _builder_version=\u00a0\u00bb4.23.4&Prime; _module_preset=\u00a0\u00bbdefault\u00a0\u00bb global_colors_info=\u00a0\u00bb{}\u00a0\u00bb][\/et_pb_video][\/et_pb_column][\/et_pb_row][et_pb_row _builder_version=\u00a0\u00bb4.23.4&Prime; _module_preset=\u00a0\u00bbdefault\u00a0\u00bb global_colors_info=\u00a0\u00bb{}\u00a0\u00bb][et_pb_column type=\u00a0\u00bb4_4&Prime; _builder_version=\u00a0\u00bb4.23.4&Prime; _module_preset=\u00a0\u00bbdefault\u00a0\u00bb global_colors_info=\u00a0\u00bb{}\u00a0\u00bb][et_pb_text _builder_version=\u00a0\u00bb4.23.4&Prime; _module_preset=\u00a0\u00bbdefault\u00a0\u00bb global_colors_info=\u00a0\u00bb{}\u00a0\u00bb]<\/p>\n<h2 style=\"text-align: left;\"><strong><span style=\"font-size: medium;\"><span style=\"color: #3366ff;\">Concert<\/span><em><span style=\"color: #3366ff;\"> \u00ab\u00a0Transmissions\u00a0\u00bb\u00a0<\/span><\/em><\/span><\/strong><\/h2>\n<p style=\"text-align: left;\"><em>avec Eva Alexandrov, Agn\u00e8s Dumont-Ramos et Julian Rousset (classe de piano du CRR de Paris de J\u00e9r\u00f4me Granjon)\u00a0<\/em><span style=\"font-size: medium;\"><em><span style=\"color: #3366ff;\"><strong><\/strong><\/span><\/em><\/span><\/p>\n<p style=\"text-align: left;\"><em>Captation live et son : David Tepfer<\/em><\/p>\n<p><span style=\"font-size: medium;\"><em><span style=\"color: #3366ff;\"><strong><\/strong><\/span><\/em><\/span><\/p>\n<p style=\"text-align: center;\">\n<p>[\/et_pb_text][\/et_pb_column][\/et_pb_row][et_pb_row _builder_version=\u00a0\u00bb4.23.4&Prime; _module_preset=\u00a0\u00bbdefault\u00a0\u00bb global_colors_info=\u00a0\u00bb{}\u00a0\u00bb][et_pb_column type=\u00a0\u00bb4_4&Prime; _builder_version=\u00a0\u00bb4.23.4&Prime; _module_preset=\u00a0\u00bbdefault\u00a0\u00bb global_colors_info=\u00a0\u00bb{}\u00a0\u00bb][et_pb_text _builder_version=\u00a0\u00bb4.23.4&Prime; _module_preset=\u00a0\u00bbdefault\u00a0\u00bb global_colors_info=\u00a0\u00bb{}\u00a0\u00bb][\/et_pb_text][\/et_pb_column][\/et_pb_row][et_pb_row _builder_version=\u00a0\u00bb4.23&Prime; _module_preset=\u00a0\u00bbdefault\u00a0\u00bb global_colors_info=\u00a0\u00bb{}\u00a0\u00bb][et_pb_column type=\u00a0\u00bb4_4&Prime; _builder_version=\u00a0\u00bb4.23&Prime; _module_preset=\u00a0\u00bbdefault\u00a0\u00bb global_colors_info=\u00a0\u00bb{}\u00a0\u00bb][et_pb_heading title=\u00a0\u00bbSchubert : Quintette La Truite (Allegro Vivace), \u00e0 l\u2019Atelier de la Main d\u2019Or (mars 2023) \u00a0\u00bb _builder_version=\u00a0\u00bb4.23.4&Prime; _module_preset=\u00a0\u00bbdefault\u00a0\u00bb title_font=\u00a0\u00bb|700|||||||\u00a0\u00bb title_text_align=\u00a0\u00bbcenter\u00a0\u00bb title_text_color=\u00a0\u00bb#0C71C3&Prime; global_colors_info=\u00a0\u00bb{}\u00a0\u00bb][\/et_pb_heading][et_pb_video src=\u00a0\u00bbhttps:\/\/www.youtube.com\/watch?v=5yLSKP9HFWw\u00a0\u00bb _builder_version=\u00a0\u00bb4.23.4&Prime; _module_preset=\u00a0\u00bbdefault\u00a0\u00bb global_colors_info=\u00a0\u00bb{}\u00a0\u00bb][\/et_pb_video][et_pb_text _builder_version=\u00a0\u00bb4.23.4&Prime; _module_preset=\u00a0\u00bbdefault\u00a0\u00bb global_colors_info=\u00a0\u00bb{}\u00a0\u00bb]<\/p>\n<h2 style=\"text-align: left;\"><span style=\"font-size: medium;\"><strong><span style=\"color: #0c71c3;\">Concert <i>\u201cTransmissions\u201d\u00a0<\/i><\/span><\/strong><\/span><\/h2>\n<p style=\"text-align: left;\"><i><span style=\"font-weight: 400;\">avec Laurent Cabasso (piano), Ariane Granjon (violon), Evariste Daller (alto), F\u00e9lix Goudard (violoncelle) et Jasmine Zozimo (contrebasse)<\/span><\/i><\/p>\n<p style=\"text-align: left;\"><i><span style=\"font-weight: 400;\">Captation live et son : David Tepfer <\/span><\/i><\/p>\n<p><span style=\"color: #0c71c3;\"><\/span><\/p>\n<p>&nbsp;<\/p>\n<p>[\/et_pb_text][\/et_pb_column][\/et_pb_row][et_pb_row _builder_version=\u00a0\u00bb4.23&Prime; _module_preset=\u00a0\u00bbdefault\u00a0\u00bb global_colors_info=\u00a0\u00bb{}\u00a0\u00bb][et_pb_column type=\u00a0\u00bb4_4&Prime; _builder_version=\u00a0\u00bb4.23&Prime; _module_preset=\u00a0\u00bbdefault\u00a0\u00bb global_colors_info=\u00a0\u00bb{}\u00a0\u00bb][et_pb_heading title=\u00a0\u00bbLes violons voyageurs \u00e0 l\u2019Atelier de la Main d\u2019Or\u00a0\u00bb _builder_version=\u00a0\u00bb4.23.4&Prime; _module_preset=\u00a0\u00bbdefault\u00a0\u00bb title_font=\u00a0\u00bb|700|||||||\u00a0\u00bb title_text_align=\u00a0\u00bbcenter\u00a0\u00bb title_text_color=\u00a0\u00bb#0C71C3&Prime; global_colors_info=\u00a0\u00bb{}\u00a0\u00bb][\/et_pb_heading][\/et_pb_column][\/et_pb_row][et_pb_row _builder_version=\u00a0\u00bb4.23.4&Prime; _module_preset=\u00a0\u00bbdefault\u00a0\u00bb global_colors_info=\u00a0\u00bb{}\u00a0\u00bb][et_pb_column type=\u00a0\u00bb4_4&Prime; _builder_version=\u00a0\u00bb4.23.4&Prime; _module_preset=\u00a0\u00bbdefault\u00a0\u00bb global_colors_info=\u00a0\u00bb{}\u00a0\u00bb][et_pb_video src=\u00a0\u00bbhttps:\/\/www.youtube.com\/watch?v=TbN7smTs-VE\u00a0\u00bb _builder_version=\u00a0\u00bb4.23.4&Prime; _module_preset=\u00a0\u00bbdefault\u00a0\u00bb global_colors_info=\u00a0\u00bb{}\u00a0\u00bb][\/et_pb_video][\/et_pb_column][\/et_pb_row][et_pb_row _builder_version=\u00a0\u00bb4.23.4&Prime; _module_preset=\u00a0\u00bbdefault\u00a0\u00bb global_colors_info=\u00a0\u00bb{}\u00a0\u00bb][et_pb_column type=\u00a0\u00bb4_4&Prime; _builder_version=\u00a0\u00bb4.23.4&Prime; _module_preset=\u00a0\u00bbdefault\u00a0\u00bb global_colors_info=\u00a0\u00bb{}\u00a0\u00bb][et_pb_text _builder_version=\u00a0\u00bb4.23.4&Prime; _module_preset=\u00a0\u00bbdefault\u00a0\u00bb global_colors_info=\u00a0\u00bb{}\u00a0\u00bb]<\/p>\n<h2 style=\"text-align: left;\"><span style=\"color: #0c71c3; font-size: medium;\"><strong>Concert<i> \u201cTransmissions\u201d<\/i><\/strong><\/span><\/h2>\n<p style=\"text-align: left;\"><em>avec Ariane Granjon, Anh-Thu Pham, Caroline Christiaens et Thibaut Hours (violons)<\/em><br \/><em>Captation live et son : David Tepfer<\/em><br \/><em>Montage : Caroline Christiaens<\/em><\/p>\n<p><span style=\"color: #0c71c3;\"><\/span><\/p>\n<p>&nbsp;<\/p>\n<p>[\/et_pb_text][\/et_pb_column][\/et_pb_row][et_pb_row _builder_version=\u00a0\u00bb4.23.4&Prime; _module_preset=\u00a0\u00bbdefault\u00a0\u00bb global_colors_info=\u00a0\u00bb{}\u00a0\u00bb][et_pb_column type=\u00a0\u00bb4_4&Prime; _builder_version=\u00a0\u00bb4.23.4&Prime; _module_preset=\u00a0\u00bbdefault\u00a0\u00bb global_colors_info=\u00a0\u00bb{}\u00a0\u00bb][et_pb_heading title=\u00a0\u00bbConcert %22Transmissions%22 : piano \u00e0 4 mains\u00a0\u00bb _builder_version=\u00a0\u00bb4.23.4&Prime; _module_preset=\u00a0\u00bbdefault\u00a0\u00bb title_font=\u00a0\u00bb|700|||||||\u00a0\u00bb title_text_align=\u00a0\u00bbcenter\u00a0\u00bb title_text_color=\u00a0\u00bb#0C71C3&Prime; custom_padding=\u00a0\u00bb10px|||||\u00a0\u00bb global_colors_info=\u00a0\u00bb{}\u00a0\u00bb][\/et_pb_heading][\/et_pb_column][\/et_pb_row][et_pb_row _builder_version=\u00a0\u00bb4.23.4&Prime; _module_preset=\u00a0\u00bbdefault\u00a0\u00bb global_colors_info=\u00a0\u00bb{}\u00a0\u00bb][et_pb_column type=\u00a0\u00bb4_4&Prime; _builder_version=\u00a0\u00bb4.23.4&Prime; _module_preset=\u00a0\u00bbdefault\u00a0\u00bb global_colors_info=\u00a0\u00bb{}\u00a0\u00bb][et_pb_video src=\u00a0\u00bbhttps:\/\/youtu.be\/ye_OHR82u80?si=HSpcc9lSvdYdnLV7&Prime; _builder_version=\u00a0\u00bb4.23.4&Prime; _module_preset=\u00a0\u00bbdefault\u00a0\u00bb global_colors_info=\u00a0\u00bb{}\u00a0\u00bb][\/et_pb_video][\/et_pb_column][\/et_pb_row][et_pb_row _builder_version=\u00a0\u00bb4.23.4&Prime; _module_preset=\u00a0\u00bbdefault\u00a0\u00bb global_colors_info=\u00a0\u00bb{}\u00a0\u00bb][et_pb_column type=\u00a0\u00bb4_4&Prime; _builder_version=\u00a0\u00bb4.23.4&Prime; _module_preset=\u00a0\u00bbdefault\u00a0\u00bb global_colors_info=\u00a0\u00bb{}\u00a0\u00bb][et_pb_text _builder_version=\u00a0\u00bb4.23.4&Prime; _module_preset=\u00a0\u00bbdefault\u00a0\u00bb global_colors_info=\u00a0\u00bb{}\u00a0\u00bb][\/et_pb_text][\/et_pb_column][\/et_pb_row][et_pb_row _builder_version=\u00a0\u00bb4.23.4&Prime; _module_preset=\u00a0\u00bbdefault\u00a0\u00bb global_colors_info=\u00a0\u00bb{}\u00a0\u00bb][et_pb_column type=\u00a0\u00bb4_4&Prime; _builder_version=\u00a0\u00bb4.23.4&Prime; _module_preset=\u00a0\u00bbdefault\u00a0\u00bb global_colors_info=\u00a0\u00bb{}\u00a0\u00bb][et_pb_text _builder_version=\u00a0\u00bb4.23.4&Prime; _module_preset=\u00a0\u00bbdefault\u00a0\u00bb text_text_color=\u00a0\u00bb#0C71C3&Prime; global_colors_info=\u00a0\u00bb{}\u00a0\u00bb]<\/p>\n<p><strong>Concert<em>\u00ab\u00a0Transmissions\u00a0\u00bb\u00a0<\/em><\/strong><\/p>\n<p><span style=\"color: #000000;\"><em>avec Maitane Madrazo et Gabriel Keller (classe de piano du CRR de paris de J\u00e9r\u00f4me Granjon)<strong><\/strong><\/em><\/span><\/p>\n<p><span style=\"color: #000000;\"><em>Captation live et son : David Tepfer<\/em><\/span><\/p>\n<p><strong><em><\/em><\/strong><\/p>\n<p style=\"text-align: left;\">\n<p>[\/et_pb_text][\/et_pb_column][\/et_pb_row][\/et_pb_section]<\/p>\n","protected":false},"excerpt":{"rendered":"<p>Concert \u00ab\u00a0Transmissions\u00a0\u00bb\u00a0 avec Eva Alexandrov, Agn\u00e8s Dumont-Ramos et Julian Rousset (classe de piano du CRR de Paris de J\u00e9r\u00f4me Granjon)\u00a0 Captation live et son : David Tepfer Concert \u201cTransmissions\u201d\u00a0 avec Laurent Cabasso (piano), Ariane Granjon (violon), Evariste Daller (alto), F\u00e9lix Goudard (violoncelle) et Jasmine Zozimo (contrebasse) Captation live et son : David Tepfer &nbsp;Concert \u201cTransmissions\u201d [&hellip;]<\/p>\n","protected":false},"author":3,"featured_media":0,"parent":0,"menu_order":0,"comment_status":"closed","ping_status":"closed","template":"page-template-blank.php","meta":{"_et_pb_use_builder":"on","_et_pb_old_content":"","_et_gb_content_width":"","footnotes":""},"class_list":["post-118","page","type-page","status-publish","hentry"],"_links":{"self":[{"href":"https:\/\/laterrassedesaudiences.com\/index.php\/wp-json\/wp\/v2\/pages\/118","targetHints":{"allow":["GET"]}}],"collection":[{"href":"https:\/\/laterrassedesaudiences.com\/index.php\/wp-json\/wp\/v2\/pages"}],"about":[{"href":"https:\/\/laterrassedesaudiences.com\/index.php\/wp-json\/wp\/v2\/types\/page"}],"author":[{"embeddable":true,"href":"https:\/\/laterrassedesaudiences.com\/index.php\/wp-json\/wp\/v2\/users\/3"}],"replies":[{"embeddable":true,"href":"https:\/\/laterrassedesaudiences.com\/index.php\/wp-json\/wp\/v2\/comments?post=118"}],"version-history":[{"count":14,"href":"https:\/\/laterrassedesaudiences.com\/index.php\/wp-json\/wp\/v2\/pages\/118\/revisions"}],"predecessor-version":[{"id":544,"href":"https:\/\/laterrassedesaudiences.com\/index.php\/wp-json\/wp\/v2\/pages\/118\/revisions\/544"}],"wp:attachment":[{"href":"https:\/\/laterrassedesaudiences.com\/index.php\/wp-json\/wp\/v2\/media?parent=118"}],"curies":[{"name":"wp","href":"https:\/\/api.w.org\/{rel}","templated":true}]}}